 - -477 - (3 - -1)) + -8?
-2
What is (66 + -163 - -18) + 6 + 0?
-73
Calculate (54 - (222 + -65)) + 76.
-27
What is (1 - 7) + (47 - (-23 - (15 - 44)))?
35
Calculate 45 + (-106 - -19) + 45.
3
(8 - 0 - (133 + -56)) + 8 - (-33 - -41)
-69
(37 + 19 + -32 - 16 - -46) + 2
56
What is (-336 + 148 - -196) + 1 + (4 - -2)?
15
What is -108 - (-227 - -58) - (2 + -1 - -6)?
54
What is (-150 - (15 + -29 + 9 + -4)) + 0 + 13?
-128
What is the value of -11 - (17 + (-9 + 21 - 20))?
-20
-36 - (0 - 4 - (4 - -16))
-12
Calculate -142 - (-61 + (-121 - -1)).
39
What is -85 + (927 - 919) + (-2 - -29)?
-50
Calculate -6 - ((20 - (10 - -3)) + (-26 - 3)).
16
Evaluate -225 + 313 + (19 - 47).
60
-11 + 45 - (181 + -172)
25
1331 - 1371 - (0 + -43)
3
What is the value of -67 - (-102 + (41 - 5))?
-1
(-3 - -4 - -6) + -10 + (69 - -2 - -9)
77
(-30 - -8) + 17 - (1 - (-11 + -2))
-19
Evaluate -15 + -59 + (-15 + -1 - -14) + -4.
-80
Evaluate (77 - -1) + 7 + 14 + -265 + 223.
57
Calculate -25 - 4 - -7 - -30.
8
What is the value of 16 - (13 + 4 + -4 - -28)?
-25
((3 - -8) + -13 - 2) + 0 + 57
53
What is (-12 - -22) + 0 + 35 - (25 - 13)?
33
Evaluate -7 + 28 - 21 - -33.
33
What is the value of -19 - (-130 + (212 - 103))?
2
Calculate (-34 - -36) + -27 - -30.
5
Evaluate 75 + (12 - -14) + 9 + -10.
100
Calculate 1377 + -1415 - (-8 - -45).
-75
Evaluate -8 - (21 + (12 + -79 - -10)).
28
What is -67 + -151 + 80 + 16?
-122
What is (4 - 3 - (41 + -25) - -13) + -63?
-65
Evaluate (57 - -11 - 130) + 1 + -10.
-71
-84 + (45 - -42) + 87
90
Calculate 0 - ((-49 - -6) + 25).
18
12 + 36 + -5 + 0 + -3 + -9
31
What is the value of 100 + -1 + -1 + 157 + -16 + -144?
95
What is the value of 78 + (-26 - 2) + -34?
16
What is the value of -2 - (56 + (44 - 135))?
33
Calculate (-13 - 0) + (-17 - -12) - (-5 - -54).
-67
What is the value of 24 + (-20 - (76 - 15))?
-57
(11 + (-33 - -24) - (-15 - -12)) + -4
1
What is the value of 3 + (13 - (8 - 9 - 27))?
44
Evaluate 9 + -21 + -2 - 0 - (31 + -32).
-13
-112 + -4 + 86 + -22
-52
Evaluate -26 + 0 + 0 + (35 - ((-11 - -20) + 38)).
-38
Calculate 23 + (7 - 25) - ((12 - 7) + -98).
98
What is the value of 5 - (-2 - 7 - (4 + (-6 + -13 - -9)))?
8
Calculate (20 - 94 - -31) + 8.
-35
-48 - (0 + -14 + 1) - (11 + (-1 - 0))
-45
What is (2 - 29) + 49 + -50 + -19?
-47
What is the value of -46 + -2 + 3 + -5 - (-1079 - -1066)?
-37
Evaluate -59 - (18 - (69 + 17)).
9
23 - (22 - (8 + (0 - -5)))
14
Calculate -61 + 126 + -60 + -19.
-14
What is (-6 - -9 - -6) + 5 + -137 + 66?
-57
Calculate (-21 - -8) + 57 + -14 + 0 + -10.
20
What is 0 + 2 + -1 + 24 + (-4974 - -4971)?
22
What is the value of 30 - ((-83 - -5) + 82)?
26
What is the value of 4 + 12 + -41 + 78?
53
Calculate 0 + -8 - (-21 + -7 + (13 - -84) + 15).
-92
What is (26 - (41 + 21)) + 104?
68
Calculate 36 - (-74 + 139 - 123).
94
36 + 8 + -62 + -3 + -2 + 55
32
What is -35 + 41 + 3 + 0 + (0 - (0 - -12))?
-3
What is the value of 7 + -4 - (-29 - (-137 - -12))?
-93
What is 121 + -99 + (109 - 24)?
107
What is the value of (7 - 28) + -1136 + 1103?
-54
Evaluate -52 + 45 - -28 - 56.
-35
What is -10 - (-49 + 34) - (-35 - 0)?
40
What is the value of 65 + 24 + -112 - (-66 + 1)?
42
Calculate 1 + 1 + 83 - (2533 - 2524).
76
Evaluate -18 + 38 + -10 + (-11 - -3).
2
(-8 - 160 - -5 - 16) + 36
-143
What is 49 - ((30 - (-12 + 52)) + (2 + 3 - 6))?
60
What is the value of 2 - 0 - -8 - ((-5 - -201) + -232)?
46
Calculate 7 + 1 - (-63 + (168 - 99)).
2
Evaluate (-10 - (-1 - -16)) + 14 - (1 + -3).
-9
What is ((123 - 137) + (-3 - -2 - -9) - -16) + -98?
-88
Calculate -10 + 62 + -54 + (-14 - 4).
-20
What is the value of 118 + (15 - (21 - -48))?
64
Evaluate -27 - (-23 + -7 - -40).
-37
Calculate -71 - (31 + -39) - (1 + -18).
-46
What is the value of (-8 - (-29 - -19)) + (0 - -4) + (-1 - -61)?
66
Calculate 13 + (-21 - -12) - -15 - -6.
25
What is 135 - 39 - 91 - (0 - 20)?
25
What is the value of 5 - ((60 - 59) + 5 + -34 + -15)?
48
What is -28 + 0 - (-24 - -1 - 3)?
-2
Calculate 12 - (5 + -1 - -6 - (-6 - -47)).
43
Calculate -9595 + 9738 + 0 + -107.
36
What is the value of -26 - -20 - (21 + -14 + 10 - 14)?
-9
-45 + -24 + 84 + -32 + -26
-43
-1 - 3 - (22 + 26) - ((-2 - -4) + -8)
-46
Calculate ((-10 - -7 - -9) + 4 - 30) + 99.
79
Calculate (23 + -2 - 12) + -21 + 25.
13
What is -1 + 4 + -9 - (-10 - ((-8 - 3) + -71))?
-78
What is 85 - (6 + -15 + -17 + 10 + 14)?
87
-33 + 25 + 1 + (-3 - (-1 - -1) - 0)
-10
Evaluate -28 - 9 - -1 - (61 - 82).
-15
What is the value of 32 - (-68 + 105) - 44?
-49
Evaluate 6 - (13 + -24) - 80 - -20.
-43
-1793 + 1604 - (-119 + 5)
-75
What is the value of (2 - 0 - 4 - (5 + -8 - -10)) + -48?
-57
Calculate -91 + (-111 - -251) + 38.
87
-8 + (26 + -24 - 18) + 28
4
Evaluate 27 - (4 + (-4 - 2) + 1 + (3 - -9)).
16
What is the value of 232 + -191 + (-6 - -15)?
50
What is the value of (2 - 12) + 23 + -4 + (25 - 12)?
22
Calculate (14 + (1 - 27) - (-17 - -2)) + 0.
3
What is (-27 + 44 - (10 + (-93 - -17))) + 19?
102
What is 10 - (9 + (1 - 12)) - (0 + 45)?
-33
Evaluate -43 - (-12 + -45 + -22).
36
What is the value of 17 + (-10 - (45 - 27))?
-11
Calculate 1 - 17 - (163 - 162).
-17
Evaluate 3 + (-7 + 3 - (79 - 67)) - (1 - -40).
-54
What is the value of 47 - 3 - (243 + -138)?
-61
What is the value of (-5 - (-1 - -4) - (-79 - -64)) + 2?
9
Calculate 0 - 6 - (1 + -1 - -4) - (-4 - 32).
26
What is the value of -23 - -92 - 67 - 10?
-8
What is the value of (-56 - 81) + 126 - (-1 + 16)?
-26
Evaluate 1 - (-8 - -1) - (64315 - 64304).
-3
-28 - (16 - (-3 + -6 + 10))
-43
Evaluate -40 - -36 - (-3 + 4 - (36 + -5)).
26
Evaluate (30 - -8 - (-274 + 308)) + 0 + -89.
-85
-20 + (22 - -4) + -40 - -13
-21
What is the value of -9 - (7 - 11) - ((-71 - -1) + -37 + 32)?
70
Evaluate (101 - 220) + 244 + -123.
2
12 - (-2 - (-1 - -2) - (108 + -89))
34
What is the value of 77 - (-47 - (-49 + -43))?
32
Evaluate -20 - (22 + -34 - -29 - 5).
-32
Evaluate -1 - (-7 + -14 + -19 + 34 + 0).
5
Calculate 64 - -2 - (28 + 4 + -16).
50
Calculate -74 + -1 + (858 - 862) - (-10 - -20).
-89
What is 81 + (-16 + 9 + 3 - 13)?
64
Evaluate -62 + 142 - 86 - 14.
-20
Evaluate -4 + 0 - (-27 - (13 - (13 + 16 + -27))).
34
-14 + 30 - (32 - 21)
5
Evaluate (453 - 457) + (-2 - 23) - 12.
-41
Evaluate -64 + 2 + -2 + (13 - -7 - 32) + 7.
-69
(-80 + 21 - -9 - 28) + 19
-59
What is (-9 - (5 - 16) - (25 + -13)) + -4?
-14
Evaluate -2 + 4 - (20 + -9 + 3).
-12
What is -3 + (-2 + 2 + (-89 - -1) - (13794 - 13797))?
-88
What is -23 - -82 - (11 + (-5 - -6))?
47
(-91 - -6) + 180 + -147
-52
0 - -11 - ((213 - 180) + 16 + -3 - 14)
-21
Evaluate (-96 - (9 + (-11 - 3))) + (-8 - -13 - 8).
-94
161 + -34 + 17 - 71
73
-5 + (0 - 1) + 120 + -104 + 108
118
209 - 79 - (19 - -169)
-58
Evaluate (11 - (29 + -1 + 21 + (6 - 31))) + 0.
-13
Evaluate 7275 - 7392 - (-146 + 0).
29
133 + (-29 - (35 + -1 + -35))
105
-4914 + 4945 + (1 - (-1 + -5))
38
What is (25 + -25 + 12 - (-1 + 8)) + -33?
-28
Calculate 19 - ((17 - -18) + (-17 - -53)).
-52
What is the value of 1 - (-1 - -1) - (26 + (-87 - 10) + 1)?
71
What is the value of 203 + -131 - (-24 + 62)?
34
(-28 + 8 - -32) + (-13 - -57)
56
Evaluate 39 + -44 + (50 - 19) + 35.
61
Calculate (98 - 75) + 12 + -12.
23
(1 - -9) + 39 + 1 + -8 + -4
38
Calculate (13 - -5) + (382 - 399).
1
53 + 66 + (-123 - 10)
-14
Evaluate (-4 - -22 - 17) + 4 + (3 - 14) + 75.
69
What is -38 - (-10 - (13 + (-43 - (21 - 28))))?
-51
What is the value of -6 + (17 - (-27 + 23))?
15
What is the value of 39 - ((24 - 54) + 147)?
-78
-15260 - -15374 - (-1 - -53)
62
Calculate -54 - ((-2 - -18) + (345 - 372 - (-17 - 1))).
-61
What is 10 - (15 + (11 + -27 - -6) - (3 + 2))?
10
What is the value of 64 + 0 - 176 - -97?
-15
-340 - -361 - (-4 + -1)
26
6 + 3 - (-11 + -34 + (-28 - -4))
78
-32 + 43 + -22 - 11 - -71
49
What is the value of 2 + -3 - (-2 + (16 - (29 + -5)))?
9
What is the value of 48 - (62 + -8 + 25)?
-31
Evaluate (34 - 28 - (1 + 73 + -8)) + 7.
-53
Evaluate (-1 - (-10 + (3 - 77))) + (5 - 5).
83
Calculate 12 - ((26 - 41) + 12 + (-1 - 14)).
30
Evaluate 43 + -4 - 44 - -26.
21
What is (350 + -388 - (-5 - 15)) + -47?
-65
What is the value of -1253 + 1257 - (0 - -13)?
-9
Calculate -2 - -1 - (-5 + -31 - (-47 - -11)).
-1
Calculate (24 - -53) + -267 + 271.
81
Evaluate -3 - (-57 + (-1 - 0) + (13 - 5 - 1)).
48
Evaluate (2 - -40) + -960 + 938.
20
Evaluate -52 - (-74 + 127) - 36.
-141
-35 - -1